 divided by 1820?
32
What is the remainder when 77165 is divided by 76?
25
What is the remainder when 2226648 is divided by 185?
173
What is the remainder when 990947 is divided by 51?
17
What is the remainder when 57608 is divided by 1653?
1406
Calculate the remainder when 226442 is divided by 113181.
80
Calculate the remainder when 895876649 is divided by 123.
122
Calculate the remainder when 2016676 is divided by 96018.
298
Calculate the remainder when 804427 is divided by 402209.
9
Calculate the remainder when 3355886 is divided by 451.
446
Calculate the remainder when 5756488 is divided by 1670.
1668
Calculate the remainder when 185845 is divided by 8440.
165
Calculate the remainder when 154083 is divided by 146.
53
Calculate the remainder when 60794 is divided by 365.
204
Calculate the remainder when 9733709 is divided by 1946737.
24
Calculate the remainder when 118157797 is divided by 407.
406
What is the remainder when 10968564 is divided by 426?
342
What is the remainder when 4490559 is divided by 345427?
8
What is the remainder when 1318555 is divided by 263704?
35
Calculate the remainder when 68776 is divided by 55501.
13275
Calculate the remainder when 3918748 is divided by 32.
28
What is the remainder when 120252 is divided by 20004?
228
What is the remainder when 40776601 is divided by 4077659?
11
Calculate the remainder when 16596975 is divided by 2601.
2595
Calculate the remainder when 29428817 is divided by 3610.
97
What is the remainder when 8394223 is divided by 525?
523
What is the remainder when 5174413 is divided by 862401?
7
What is the remainder when 70075419 is divided by 1490966?
17
What is the remainder when 2364679 is divided by 1129?
553
What is the remainder when 147817 is divided by 2845?
2722
What is the remainder when 338701 is divided by 3195?
31
Calculate the remainder when 152358496 is divided by 2941.
2932
What is the remainder when 555832 is divided by 2?
0
Calculate the remainder when 793846 is divided by 44102.
10
What is the remainder when 477557 is divided by 1154?
955
Calculate the remainder when 404685 is divided by 201883.
919
What is the remainder when 1782087 is divided by 5454?
4083
What is the remainder when 8549885 is divided by 388610?
465
Calculate the remainder when 3102704 is divided by 58.
52
What is the remainder when 6834533 is divided by 1708626?
29
Calculate the remainder when 841076 is divided by 280270.
266
Calculate the remainder when 378665131 is divided by 72.
67
Calculate the remainder when 1012203 is divided by 337289.
336
What is the remainder when 491049 is divided by 1395?
9
Calculate the remainder when 14267415 is divided by 90.
75
What is the remainder when 66473482 is divided by 85?
82
What is the remainder when 7363162 is divided by 71487?
1
Calculate the remainder when 1504650 is divided by 70.
0
Calculate the remainder when 935845 is divided by 4.
1
What is the remainder when 536365 is divided by 138?
97
What is the remainder when 591911915 is divided by 164?
163
What is the remainder when 2814113 is divided by 38026?
189
What is the remainder when 48032 is divided by 6629?
1629
Calculate the remainder when 1237218693 is divided by 583.
579
Calculate the remainder when 112785 is divided by 2831.
2376
Calculate the remainder when 6890522 is divided by 484.
298
What is the remainder when 56171130 is divided by 384?
378
What is the remainder when 19271063 is divided by 951?
950
What is the remainder when 26823883 is divided by 389?
388
Calculate the remainder when 25559560 is divided by 24.
16
Calculate the remainder when 30571497 is divided by 1186.
1161
What is the remainder when 12903477 is divided by 30?
27
What is the remainder when 10618 is divided by 6233?
4385
What is the remainder when 31258059 is divided by 33?
30
Calculate the remainder when 5939965 is divided by 285.
280
What is the remainder when 352487477 is divided by 3860?
3857
Calculate the remainder when 598953 is divided by 199479.
516
Calculate the remainder when 12277180 is divided by 602.
594
Calculate the remainder when 2544080 is divided by 636012.
32
What is the remainder when 4828123 is divided by 274?
243
Calculate the remainder when 2793470 is divided by 6153.
8
Calculate the remainder when 86911909 is divided by 916.
913
What is the remainder when 263960 is divided by 10152?
8
What is the remainder when 177837 is divided by 6097?
1024
What is the remainder when 1385419 is divided by 13717?
2
What is the remainder when 861021 is divided by 90?
81
What is the remainder when 575974 is divided by 885?
724
What is the remainder when 63797 is divided by 21227?
116
What is the remainder when 379325 is divided by 2709?
65
Calculate the remainder when 1475522 is divided by 26.
22
What is the remainder when 75069342 is divided by 305?
302
Calculate the remainder when 159656 is divided by 1348.
592
Calculate the remainder when 26893 is divided by 480.
13
Calculate the remainder when 1179841 is divided by 399.
397
Calculate the remainder when 16131594 is divided by 5377124.
222
Calculate the remainder when 291599 is divided by 9.
8
What is the remainder when 192091 is divided by 597?
454
Calculate the remainder when 196687 is divided by 98297.
93
What is the remainder when 312477 is divided by 372?
369
Calculate the remainder when 701184 is divided by 1131.
1095
What is the remainder when 65188485 is divided by 21729495?
0
What is the remainder when 186981 is divided by 93489?
3
Calculate the remainder when 17871080 is divided by 119.
17
What is the remainder when 225337834 is divided by 112?
106
What is the remainder when 749507 is divided by 482?
479
Calculate the remainder when 524584 is divided by 8599.
45
Calculate the remainder when 11438033 is divided by 20.
13
What is the remainder when 145888076 is divided by 602?
600
Calculate the remainder when 6290294 is divided by 4230.
284
What is the remainder when 1589710 is divided by 794850?
10
Calculate the remainder when 74594672 is divided by 24864878.
38
Calculate the remainder when 3665907 is divided by 16513.
21
What is the remainder when 793403 is divided by 396692?
19
Calculate the remainder when 454237 is divided by 37819.
409
Calculate the remainder when 24107137 is divided by 46.
9
What is the remainder when 42855 is divided by 42630?
225
Calculate the remainder when 1128575 is divided by 15674.
47
What is the remainder when 1658277 is divided by 39?
36
What is the remainder when 1261869 is divided by 28040?
69
Calculate the remainder when 1526252 is divided by 206.
204
What is the remainder when 2766558 is divided by 922157?
87
Calculate the remainder when 51593 is divided by 1710.
293
Calculate the remainder when 266086 is divided by 33061.
1598
What is the remainder when 151306 is divided by 4295?
981
Calculate the remainder when 20601973 is divided by 58.
25
Calculate the remainder when 20239703 is divided by 11139.
140
What is the remainder when 213832 is divided by 3002?
690
Calculate the remainder when 62775975 is divided by 192.
39
What is the remainder when 333912 is divided by 742?
12
What is the remainder when 25093751 is divided by 160?
151
Calculate the remainder when 7658225 is divided by 3103.
21
Calculate the remainder when 3463658 is divided by 692726.
28
What is the remainder when 38798500 is divided by 28?
20
Calculate the remainder when 216954 is divided by 149.
10
What is the remainder when 1497372 is divided by 1101?
12
What is the remainder when 843177 is divided by 448?
41
Calculate the remainder when 7757307 is divided by 76805.
2
Calculate the remainder when 109215161 is divided by 15.
11
Calculate the remainder when 279635 is divided by 15.
5
Calculate the remainder when 20021322 is divided by 179.
172
What is the remainder when 147559 is divided by 7375?
59
What is the remainder when 1163126 is divided by 5435?
36
What is the remainder when 49313875 is divided by 2310?
2305
Calculate the remainder when 5394413 is divided by 91.
24
What is the remainder when 2282917 is divided by 760970?
7
Calculate the remainder when 158451 is divided by 1321.
1252
What is the remainder when 16309849 is divided by 5?
4
Calculate the remainder when 28526757 is divided by 101.
14
Calculate the remainder when 238966 is divided by 1